2, -r = -3*m + 596. List the prime factors of m.
2, 3, 11
Suppose 2*i - 5 + 1 = 0, -i = 2*u - 1802. Suppose 2*k - 1248 = -4*b, -5*k + 5*b - u + 3960 = 0. What are the prime factors of k?
2, 7, 11
Let q be 10/4 + 2/(-4). Suppose 0 = -0*o + q*o - 2. What are the prime factors of (-150)/(-30)*(o + (23 - 0))?
2, 3, 5
Let d be 2*1201*(-16)/(-32). Let m = d - 722. Suppose 0 = -4*v + 5*x - 167 + m, 4*v = -5*x + 272. List the prime factors of v.
73
What are the prime factors of (150184/10)/((-21)/(-525)*10)?
2, 18773
Suppose -r + 5*v - v - 70 = 0, 0 = r - 2*v + 68. Suppose 3*j + 0*j - 6 = 0. What are the prime factors of (-5170)/r + j/3?
79
Suppose -2*m = m - 1416. Suppose 67*t = 65*t + m. What are the prime factors of t?
2, 59
Let c(i) = 120*i**2 - 49*i + 205. What are the prime factors of c(4)?
3, 643
Let k(r) = 46*r**2 + r + 3. Let w be 35/(-25) - (-9)/30*-2. List the prime factors of k(w).
5, 37
Let r(b) = 88*b - 23 - 66*b + 6. List the prime factors of r(14).
3, 97
Let f(n) = n**3 - 111*n**2 - 265*n + 167. What are the prime factors of f(114)?
5, 1789
Suppose -20 = -5*i + 2*i - 4*t, 21 = 2*i - 5*t. Suppose q + i*q = 1863. Let j = 395 - q. List the prime factors of j.
2, 47
Suppose 132830 = 59*r - 660189. List the prime factors of r.
13441
List the prime factors of ((-16)/(-50))/(44/6270)*2910/9.
2, 19, 97
Let l(o) = o**3 + 36*o**2 + 36*o - 38. Suppose 40 = -6*k - 164. List the prime factors of l(k).
2, 3, 5, 7
Let f be (2 + -3 - 3) + 1. Let b be (-7)/f + 5/(-13 + -2). Suppose 0 = -5*m, b*m = -0*r + r - 22. List the prime factors of r.
2, 11
Suppose -550*p + 1181092 = -516*p. List the prime factors of p.
2, 11, 1579
Let p = 6714 + 2513. What are the prime factors of p?
9227
Let f = -295 + 289. List the prime factors of ((-116)/8 + 10)*640/f.
2, 3, 5
Suppose -8*n - 3*i + 400936 = -0*i, -5*i + 100234 = 2*n. What are the prime factors of n?
23, 2179
Let c be 31355/(-15) - 2/(-6). Let k be ((-3)/(-2))/(c/(-696) + -3). List the prime factors of k/145*1/((-6)/(-20)).
2, 3
Suppose v + 13*m - 12*m - 5227 = 0, -2*v + 10448 = -m. List the prime factors of v.
5, 11, 19
Let m = 613 + -611. Suppose -3*p = -7*p. What are the prime factors of m - p/(0 - 4)?
2
Let n(d) = -d**2 + d + 1. Let c(b) = -19*b**2 + 32*b + 189. Let y(x) = -c(x) + 5*n(x). What are the prime factors of y(-9)?
1193
List the prime factors of (48/32)/(6/276620).
5, 13831
Let u = 43 - 39. Suppose -532 = -u*p - f, -p + 3*f + 40 = -106. What are the prime factors of 2/(4/3)*p?
3, 67
Suppose -2*p - 6 = 0, 0 = -4*n + 2*n - 5*p + 21. Let z = 0 + 4. Suppose z*j + 2*b - 208 = 0, -j + 2*b = -n - 34. What are the prime factors of j?
2, 13
Let t(k) = -k**3 + 17*k**2 - 33*k + 43. Let u(i) = 3*i**3 - 51*i**2 + 100*i - 130. Let q(x) = 7*t(x) + 2*u(x). What are the prime factors of q(13)?
2, 157
Let p(v) = -940*v - 8136. What are the prime factors of p(-50)?
2, 7, 347
Let h(z) = 201*z**3 + z**2. Let m be h(1). Suppose -q + m = -78. Suppose -4*j + 2*j = 5*y - 344, 4*j - q = -4*y. What are the prime factors of y?
2, 17
Let z(f) be the first derivative of f**4/4 - 4*f**3/3 + 2*f**2 + 5. Let y be z(4). Let t = y + -10. What are the prime factors of t?
2, 3
Suppose -3*s - 3*u = -36, 2*u - 16 = -s - 5. Let p(b) = -2*b**3 + 30*b**2 - 33*b + 12. List the prime factors of p(s).
7, 37
Let n = -5989 - -9043. Suppose -3*a = 3*q - n, -a - 4*a + 5050 = -5*q. What are the prime factors of a?
2, 3, 13
List the prime factors of -8 + 16 + (20 - -19438).
2, 9733
List the prime factors of (118/(-4))/(18/(-134640)*5).
2, 11, 17, 59
Suppose -3*u + 9592 + 1145 = -5*y, 3*y + 6423 = -3*u. Let z = y + 3979. List the prime factors of z.
2, 7, 131
Let k be (-4 + 1)*6/(-2). Let g(r) = r**2 - 7*r + 15. Let p(m) = -5*m**2 + 28*m - 60. Let j(x) = k*g(x) + 2*p(x). What are the prime factors of j(-7)?
3, 5
Suppose p - 55 = -10*p. Suppose -2*a + p*a = -4*z + 173, 272 = 4*a - 5*z. Let b = -35 + a. What are the prime factors of b?
2, 7
Let j be (564/(-60) - -9) + 2496/(-10). Let w = 769 + j. What are the prime factors of w?
3, 173
Suppose -4*l - 13 = -y, -2*y - 5*l = -3*y + 16. List the prime factors of 3/9 + y/(9/1824).
7, 29
Let l(t) = 2*t**2 + 20*t - 13. Let u be l(-11). Suppose -2*r - 4*w + 246 = 0, -4*r + u*r - 599 = -2*w. Suppose 11 = 2*h - r. List the prime factors of h.
5, 13
Let p(v) = -v**2 - 247*v + 41. What are the prime factors of p(-53)?
3, 31, 37
Let w(c) = -2*c**3 + 25*c**2 + 40*c + 275. List the prime factors of w(-30).
5, 3023
Let a = -37687 + 91510. What are the prime factors of a?
3, 7, 11, 233
Let c be (4/(-3))/((-22)/825). Let a = c - 47. Suppose -a*x + 59 = -61. What are the prime factors of x?
2, 5
Suppose 2*i = 1130 - 124. Suppose 2*n - 1017 = -i. List the prime factors of n.
257
Let a be 3*(1 + 0) - (26 - 28). Suppose -2*r - 3*k - 1357 = -6*r, -k + a = 0. List the prime factors of r.
7
Let v(y) = 63*y**2 + 4*y - 1. Let x be v(-3). Let h = 775 - x. What are the prime factors of h?
13, 17
Let p = 415 - -12. Let f be (20/35)/(1 + (-425)/p). Let k = 69 + f. What are the prime factors of k?
191
Suppose 48*n - 554*n + 6508172 = 0. List the prime factors of n.
2, 59, 109
Suppose 3*b = 22*b - 217759. What are the prime factors of b?
73, 157
Suppose -3*l + 802 = -4*j + 76, l - 242 = 4*j. Let d = l - -958. List the prime factors of d.
2, 3, 5
Let h be 211/1 - (10 - 6). Let d = 240 - h. List the prime factors of d.
3, 11
Let d be ((-12888)/48)/((-3)/40). Suppose -4*i = 1164 - d. Suppose -3*z = z - i. What are the prime factors of z?
151
Let d be (12/(-15) + (-5103)/(-35))*1. Let o = d + 69. List the prime factors of o.
2, 107
Let z = 11 + -1. Suppose z*v - 11*v + 280 = 0. Let m = v - 156. What are the prime factors of m?
2, 31
Let f(z) = 2*z**2 + 133*z + 18. Let s(r) = -r**2 - 89*r - 12. Let i(k) = -5*f(k) - 8*s(k). Suppose 2*u = -2 + 40. List the prime factors of i(u).
3, 59
Let r(p) = 3*p**2 - 4*p - 250. Suppose -33 + 8 = -j. What are the prime factors of r(j)?
5, 61
Let b be 609/35 + -7 + (-2)/5. Let f be -1 + 14/b + (-33624)/(-90). Let s = f - 257. List the prime factors of s.
3, 13
Suppose 4*r + 17 - 25 = 0. Suppose t + 5*f - 22 = 0, t - r*t - 14 = -4*f. List the prime factors of t/(-8) + (-930)/(-8).
2, 29
Let r = 44963 + -23775. What are the prime factors of r?
2, 5297
Let i(o) = 1298*o + 16393. List the prime factors of i(33).
7, 8461
Let g(r) = 14*r - 98. Let k be g(8). What are the prime factors of 9*18 + (13 - k)?
7, 23
Suppose 50 = 2*u - 5*x, 3*x - 75 = -3*u - x. Suppose 30*t = u*t + 60. What are the prime factors of t?
2, 3
Suppose -4 = 4*d - 6*d + 2*p, 5*p = 4*d - 5. Suppose d*z + 2815 = 5*s, -13*s - 3*z + 2273 = -9*s. What are the prime factors of s?
2, 283
Suppose 20 = -3*y + 7*y. Suppose -s - q + y = 0, 0 = -5*s - 0*s + 3*q - 15. What are the prime factors of (3 - -18)/((-3)/(-27) - s)?
3, 7
What are the prime factors of -9*(-70)/756 + (-139274)/(-12) + -3?
2, 3, 967
Let p be (-11)/(-5) + 5/(-25). Suppose 0 = -b + p, 3*y + 9*b - 4*b + 53 = 0. Let c(j) = j**2 + 15*j - 60. List the prime factors of c(y).
2, 3, 11
Let b(s) = -2*s**3 - 11*s**2 - 2*s + 4. Let u be b(-8). Suppose -u = 15*x - 19*x. Suppose -l - 5*p = -x, l - 2*p + 216 = 4*l. List the prime factors of l.
2, 5, 7
List the prime factors of (((-180282)/9)/(-2))/(24/72).
30047
Suppose -13*k = 3*a - 16*k - 18525, 4*a - 24695 = 5*k. List the prime factors of a.
2, 3, 5, 103
Let g(w) = 5*w**2 - 15*w - 5. Let n(s) = -s**2 - 8*s + 24. Let v be n(5). Let p = v + 48. What are the prime factors of g(p)?
3, 5
Let a = 1001 - 287. Suppose 0 = 2*h - a + 146. What are the prime factors of h?
2, 71
Let l = 44 - -11230. What are the prime factors of l?
2, 3, 1879
Let s(q) = q**3 + q**2 - 2*q + 86. Suppose 3*f = -3*i + 42, 3*f + 36 = -2*i + 5*i. Suppose -7*r = -i*r. What are the prime factors of s(r)?
2, 43
Suppose -129*a - 78423 = -131*a + m, 0 = -5*a + 3*m + 196057. List the prime factors of a.
2, 9803
Let u(z) = -296*z**2 - 25*z + 5. Let c be u(3). Let h = -1270 - c. List the prime factors of h.
2, 3, 61
Let z = -44732 - -74956. What are the prime factors of z?
2, 1889
Suppose -399*j = -494*j + 2254255. What are the prime factors of j?
61, 389
Suppose 7914*v = 7918*v - 5644. List the prime factors of v.
17, 83
Let r be ((-18)/(-7) + -2)/(8/28). Suppose 155 = r*o - o